 is divided by 2407?
3
What is the remainder when 8663542 is divided by 751?
6
Calculate the remainder when 2080276 is divided by 1260.
16
Calculate the remainder when 47246 is divided by 38958.
8288
What is the remainder when 44602 is divided by 44389?
213
Calculate the remainder when 129467 is divided by 21452.
755
Calculate the remainder when 126167 is divided by 12378.
2387
What is the remainder when 51457396 is divided by 2405?
16
Calculate the remainder when 2751140 is divided by 183409.
5
Calculate the remainder when 85440489 is divided by 874.
871
Calculate the remainder when 8010263 is divided by 317.
307
Calculate the remainder when 56236 is divided by 3124.
4
What is the remainder when 54866173 is divided by 4?
1
Calculate the remainder when 422862 is divided by 484.
330
What is the remainder when 26033989 is divided by 743?
12
Calculate the remainder when 33857672 is divided by 679.
16
What is the remainder when 4553462 is divided by 455345?
12
What is the remainder when 10104 is divided by 3305?
189
What is the remainder when 4534101 is divided by 161929?
89
Calculate the remainder when 62197 is divided by 651.
352
What is the remainder when 77073 is divided by 18059?
4837
What is the remainder when 4862775 is divided by 767?
762
Calculate the remainder when 865755 is divided by 165.
0
What is the remainder when 58121634 is divided by 72?
66
What is the remainder when 758171 is divided by 120?
11
What is the remainder when 996389538 is divided by 2947?
2944
Calculate the remainder when 10460484 is divided by 22.
12
Calculate the remainder when 815090 is divided by 815088.
2
What is the remainder when 6462364 is divided by 954?
922
What is the remainder when 396054 is divided by 131993?
75
Calculate the remainder when 89947 is divided by 302.
253
Calculate the remainder when 127914 is divided by 15989.
2
What is the remainder when 21434240 is divided by 1786171?
188
Calculate the remainder when 45008929 is divided by 11252231.
5
Calculate the remainder when 54942784 is divided by 9157130.
4
What is the remainder when 957853 is divided by 1979?
17
What is the remainder when 3893907 is divided by 213?
54
Calculate the remainder when 125795 is divided by 3601.
3361
What is the remainder when 1143219 is divided by 1236?
1155
What is the remainder when 1066514 is divided by 355185?
959
Calculate the remainder when 3338951 is divided by 43.
1
What is the remainder when 20079 is divided by 2981?
2193
What is the remainder when 10197488 is divided by 3798?
3656
Calculate the remainder when 27318 is divided by 247.
148
Calculate the remainder when 443578 is divided by 147795.
193
Calculate the remainder when 6571804 is divided by 223.
217
What is the remainder when 3327970 is divided by 927?
40
What is the remainder when 370444 is divided by 3087?
4
Calculate the remainder when 512250 is divided by 256096.
58
What is the remainder when 142860 is divided by 2622?
1272
What is the remainder when 1221900 is divided by 306?
42
Calculate the remainder when 129505 is divided by 4.
1
Calculate the remainder when 6766418 is divided by 49.
8
Calculate the remainder when 2081600 is divided by 63.
17
Calculate the remainder when 83389 is divided by 3.
1
What is the remainder when 492391 is divided by 1970?
1861
What is the remainder when 14271320 is divided by 26?
24
What is the remainder when 259773 is divided by 434?
241
What is the remainder when 46946 is divided by 15582?
200
Calculate the remainder when 7348396 is divided by 97.
64
Calculate the remainder when 184444005 is divided by 1040.
5
Calculate the remainder when 21556885 is divided by 43.
39
What is the remainder when 7934386 is divided by 31?
29
What is the remainder when 771539 is divided by 48122?
1587
What is the remainder when 28949 is divided by 91?
11
What is the remainder when 40763391 is divided by 21?
18
What is the remainder when 2514893 is divided by 3431?
3401
Calculate the remainder when 62926 is divided by 468.
214
Calculate the remainder when 142261 is divided by 71105.
51
What is the remainder when 540593 is divided by 134510?
2553
Calculate the remainder when 531273 is divided by 265632.
9
What is the remainder when 355168 is divided by 1242?
1198
What is the remainder when 30809089 is divided by 461?
459
Calculate the remainder when 2640983 is divided by 475.
458
What is the remainder when 46625217 is divided by 54?
51
Calculate the remainder when 268294 is divided by 4790.
54
What is the remainder when 27859 is divided by 1996?
1911
Calculate the remainder when 442930 is divided by 3887.
3699
What is the remainder when 36284 is divided by 5995?
314
Calculate the remainder when 12756974 is divided by 385.
384
What is the remainder when 3699009864 is divided by 46?
42
Calculate the remainder when 2717852 is divided by 73455.
17
Calculate the remainder when 753498 is divided by 340.
58
Calculate the remainder when 38358097 is divided by 2739863.
15
Calculate the remainder when 2350447 is divided by 261159.
16
Calculate the remainder when 21528 is divided by 10733.
62
Calculate the remainder when 490057 is divided by 163309.
130
Calculate the remainder when 911584 is divided by 455790.
4
Calculate the remainder when 2578858 is divided by 462.
436
Calculate the remainder when 23799665 is divided by 5949904.
49
Calculate the remainder when 75133 is divided by 11568.
5725
Calculate the remainder when 8739711 is divided by 2184924.
15
What is the remainder when 51214988 is divided by 24261?
17
What is the remainder when 387935 is divided by 595?
590
What is the remainder when 4185312 is divided by 117?
105
What is the remainder when 115243413 is divided by 82?
39
What is the remainder when 2434162 is divided by 43467?
10
What is the remainder when 398158 is divided by 16?
14
Calculate the remainder when 12801863 is divided by 100802.
9
What is the remainder when 1903316 is divided by 19?
10
Calculate the remainder when 67579017 is divided by 180.
177
What is the remainder when 116853 is divided by 4173?
9
What is the remainder when 805412 is divided by 36609?
14
Calculate the remainder when 1152135 is divided by 16459.
5
Calculate the remainder when 26409674 is divided by 25.
24
What is the remainder when 25833735 is divided by 21?
18
Calculate the remainder when 82979 is divided by 1796.
363
Calculate the remainder when 37302219 is divided by 2973.
2961
What is the remainder when 6540743 is divided by 2731?
2729
What is the remainder when 3349890 is divided by 1116583?
141
Calculate the remainder when 88031 is divided by 11002.
15
What is the remainder when 163698 is divided by 11692?
10
What is the remainder when 14929816 is divided by 547?
545
Calculate the remainder when 665079 is divided by 471.
27
What is the remainder when 14171052 is divided by 179?
159
What is the remainder when 2255658 is divided by 375942?
6
Calculate the remainder when 10751960 is divided by 22.
10
Calculate the remainder when 4474394 is divided by 14.
8
Calculate the remainder when 17965757 is divided by 182.
173
Calculate the remainder when 581200 is divided by 141.
139
What is the remainder when 13297674 is divided by 92?
86
Calculate the remainder when 4289702 is divided by 4113.
3956
What is the remainder when 13245304 is divided by 871?
7
Calculate the remainder when 650856590 is divided by 231.
230
Calculate the remainder when 320973 is divided by 432.
429
Calculate the remainder when 164777 is divided by 621.
212
What is the remainder when 6395787 is divided by 61?
59
What is the remainder when 996359 is divided by 124536?
71
Calculate the remainder when 51773731 is divided by 870.
31
Calculate the remainder when 46756 is divided by 3338.
24
Calculate the remainder when 532108 is divided by 4031.
16
Calculate the remainder when 2378938 is divided by 2725.
13
What is the remainder when 6418795 is divided by 3556?
215
Calculate the remainder when 2020577 is divided by 155.
152
Calculate the remainder when 56739229 is divided by 176.
173
Calculate the remainder when 57114717 is divided by 520.
517
Calculate the remainder when 354498 is divided by 401.
14
Calculate the remainder when 4054535 is divided by 34.
1
What is the remainder when 245372 is divided by 81788?
8
Calculate the remainde